{"id":707,"date":"2019-02-16T17:59:55","date_gmt":"2019-02-16T16:59:55","guid":{"rendered":"http:\/\/www.lktachov.cz\/?page_id=707"},"modified":"2019-02-16T18:22:08","modified_gmt":"2019-02-16T17:22:08","slug":"lk-tachov-ma-strirbnou-na-mistrovstvi-cr","status":"publish","type":"page","link":"https:\/\/www.lktachov.cz\/index.php\/lk-tachov-ma-strirbnou-na-mistrovstvi-cr\/","title":{"rendered":"LK Tachov m\u00e1 st\u0159\u00edrbnou na Mistrovstv\u00ed \u010cR"},"content":{"rendered":"<p>O v\u00edkendu 9.2. a 10.2.2019 se konalo M\u010cR \u017e\u00e1k\u016f v halov\u00e9 lukost\u0159elb\u011b v Kostelci na Han\u00e9. Lukost\u0159eleck\u00fd klub Tachov reprezentovala jako jedin\u00e1 z\u00e1stupkyn\u011b mlad\u0161\u00ed \u017e\u00e1kyn\u011b Krist\u00fdnka Drap\u00e1kov\u00e1.<\/p>\n<p>V sobotu v kvalifikaci nast\u0159\u00edlela nejlep\u0161\u00ed v\u00fdsledek 465 bod\u016f a skon\u010dila na prvn\u00edm m\u00edst\u011b. To bylo o 105 bod\u016f v\u00edce, ne\u017e druh\u00e1 Mark\u00e9ta Andrlov\u00e1 z klubu Lukost\u0159elci \u010cesk\u00e9ho lesa.<\/p>\n<p>V ned\u011bli se konali elimina\u010dn\u00ed a fin\u00e1lov\u00e9 sout\u011b\u017ee. To Krist\u00fdnka porazila v eliminac\u00edch Ane\u017eku Kopalovou z SK Libichov 6:0. Postoupila do fin\u00e1le a o zlatou medaili se utkala s Mark\u00e9tou Andrlovou. V nap\u00ednav\u00e9m souboji byla \u00fasp\u011b\u0161n\u011bj\u0161\u00ed Mark\u00e9ta Andrlov\u00e1. Krist\u00fdnka nezvl\u00e1dla psychickou z\u00e1t\u011b\u017e a podlehla 2:6. Z\u00edskala pro Lukost\u0159eleck\u00fd klub Tachov st\u0159\u00edbrnou medaili.<\/p>\n<p>Je kr\u00e1sn\u00e9, \u017ee oba nejcenn\u011bj\u0161\u00ed medaile z\u00edskali lukost\u0159elkyn\u011b z obou klub\u016f Tachovska. Za to je pot\u0159eba ob\u011bma pod\u011bkovat. Reprezentuj\u00ed m\u011bsto Tachov a Tachovsko na v\u00fdbornou.<\/p>\n<p><a href=\"http:\/\/www.lktachov.cz\/wp-content\/uploads\/2019\/02\/20190210_100802-e1550336217109.jpg\"><img loading=\"lazy\" decoding=\"async\" class=\"alignnone wp-image-710 size-large\" src=\"http:\/\/www.lktachov.cz\/wp-content\/uploads\/2019\/02\/20190210_100802-e1550336217109-768x1024.jpg\" alt=\"\" width=\"525\" height=\"700\" srcset=\"https:\/\/www.lktachov.cz\/wp-content\/uploads\/2019\/02\/20190210_100802-e1550336217109-768x1024.jpg 768w, https:\/\/www.lktachov.cz\/wp-content\/uploads\/2019\/02\/20190210_100802-e1550336217109-225x300.jpg 225w\" sizes=\"auto, (max-width: 525px) 100vw, 525px\" \/><\/a><a href=\"http:\/\/www.lktachov.cz\/wp-content\/uploads\/2019\/02\/20190210_150612.jpg\"><img loading=\"lazy\" decoding=\"async\" class=\"alignnone wp-image-711 size-large\" src=\"http:\/\/www.lktachov.cz\/wp-content\/uploads\/2019\/02\/20190210_150612-1024x768.jpg\" alt=\"\" width=\"525\" height=\"394\" srcset=\"https:\/\/www.lktachov.cz\/wp-content\/uploads\/2019\/02\/20190210_150612-1024x768.jpg 1024w, https:\/\/www.lktachov.cz\/wp-content\/uploads\/2019\/02\/20190210_150612-300x225.jpg 300w, https:\/\/www.lktachov.cz\/wp-content\/uploads\/2019\/02\/20190210_150612-768x576.jpg 768w\" sizes=\"auto, (max-width: 525px) 100vw, 525px\" \/><\/a><\/p>\n","protected":false},"excerpt":{"rendered":"<p>O v\u00edkendu 9.2. a 10.2.2019 se konalo M\u010cR \u017e\u00e1k\u016f v halov\u00e9 lukost\u0159elb\u011b v Kostelci na Han\u00e9. Lukost\u0159eleck\u00fd klub Tachov reprezentovala jako jedin\u00e1 z\u00e1stupkyn\u011b mlad\u0161\u00ed \u017e\u00e1kyn\u011b Krist\u00fdnka Drap\u00e1kov\u00e1. V sobotu v kvalifikaci nast\u0159\u00edlela nejlep\u0161\u00ed v\u00fdsledek 465 bod\u016f a skon\u010dila na prvn\u00edm m\u00edst\u011b. To bylo o 105 bod\u016f v\u00edce, ne\u017e druh\u00e1 Mark\u00e9ta Andrlov\u00e1 z klubu Lukost\u0159elci \u010cesk\u00e9ho &hellip; <\/p>\n<p class=\"link-more\"><a href=\"https:\/\/www.lktachov.cz\/index.php\/lk-tachov-ma-strirbnou-na-mistrovstvi-cr\/\" class=\"more-link\">Pokra\u010dovat ve \u010dten\u00ed<span class=\"screen-reader-text\"> &#8222;LK Tachov m\u00e1 st\u0159\u00edrbnou na Mistrovstv\u00ed \u010cR&#8220;<\/span><\/a><\/p>\n","protected":false},"author":2,"featured_media":709,"parent":0,"menu_order":0,"comment_status":"closed","ping_status":"closed","template":"","meta":{"ngg_post_thumbnail":0,"footnotes":""},"class_list":["post-707","page","type-page","status-publish","has-post-thumbnail","hentry"],"post_mailing_queue_ids":[],"_links":{"self":[{"href":"https:\/\/www.lktachov.cz\/index.php\/wp-json\/wp\/v2\/pages\/707","targetHints":{"allow":["GET"]}}],"collection":[{"href":"https:\/\/www.lktachov.cz\/index.php\/wp-json\/wp\/v2\/pages"}],"about":[{"href":"https:\/\/www.lktachov.cz\/index.php\/wp-json\/wp\/v2\/types\/page"}],"author":[{"embeddable":true,"href":"https:\/\/www.lktachov.cz\/index.php\/wp-json\/wp\/v2\/users\/2"}],"replies":[{"embeddable":true,"href":"https:\/\/www.lktachov.cz\/index.php\/wp-json\/wp\/v2\/comments?post=707"}],"version-history":[{"count":8,"href":"https:\/\/www.lktachov.cz\/index.php\/wp-json\/wp\/v2\/pages\/707\/revisions"}],"predecessor-version":[{"id":723,"href":"https:\/\/www.lktachov.cz\/index.php\/wp-json\/wp\/v2\/pages\/707\/revisions\/723"}],"wp:featuredmedia":[{"embeddable":true,"href":"https:\/\/www.lktachov.cz\/index.php\/wp-json\/wp\/v2\/media\/709"}],"wp:attachment":[{"href":"https:\/\/www.lktachov.cz\/index.php\/wp-json\/wp\/v2\/media?parent=707"}],"curies":[{"name":"wp","href":"https:\/\/api.w.org\/{rel}","templated":true}]}}