{"id":1619,"date":"2022-03-27T22:29:29","date_gmt":"2022-03-27T20:29:29","guid":{"rendered":"http:\/\/www.lktachov.cz\/?page_id=1619"},"modified":"2025-09-12T08:50:28","modified_gmt":"2025-09-12T06:50:28","slug":"prihlaska","status":"publish","type":"page","link":"https:\/\/www.lktachov.cz\/index.php\/prihlaska\/","title":{"rendered":"P\u0159ihl\u00e1\u0161ka"},"content":{"rendered":"\n<p style=\"text-align: justify;\">Prvn\u00edm krokem k tomu st\u00e1t se \u010dlenem LK Tachov je vypln\u011bn\u00ed a odevzd\u00e1n\u00ed p\u0159ihl\u00e1\u0161ky. U osob mlad\u0161\u00edch 15-ti let je nutn\u00fd souhlas z\u00e1konn\u00e9ho z\u00e1stupce.<\/p>\n<p style=\"text-align: justify;\">Pro vyd\u00e1n\u00ed \u010dlensk\u00e9ho pr\u016fkazu \u010cesk\u00e9ho Lukost\u0159eleck\u00e9ho Svazu (\u010cLS) bude tak\u00e9 po\u017eadov\u00e1na pr\u016fkazov\u00e1 fotografie.<\/p>\n<p style=\"text-align: justify;\"><a href=\"https:\/\/www.lktachov.cz\/wp-content\/uploads\/2025\/09\/LKTC_Prihlaska.pdf\">P\u0159ihl\u00e1\u0161ku<\/a> k vypln\u011bn\u00ed je mo\u017en\u00e9 st\u00e1hnout <a href=\"https:\/\/www.lktachov.cz\/wp-content\/uploads\/2025\/09\/LKTC_Prihlaska.pdf\">zde<\/a>. Formul\u00e1\u0159 je mo\u017eno vyplnit elektronicky i ru\u010dn\u011b, jeho vytisknut\u00ed je v\u0161ak nutn\u00e9 a podpis je pot\u0159eba origin\u00e1ln\u00ed.<\/p>\n","protected":false},"excerpt":{"rendered":"<p>Prvn\u00edm krokem k tomu st\u00e1t se \u010dlenem LK Tachov je vypln\u011bn\u00ed a odevzd\u00e1n\u00ed p\u0159ihl\u00e1\u0161ky. U osob mlad\u0161\u00edch 15-ti let je nutn\u00fd souhlas z\u00e1konn\u00e9ho z\u00e1stupce. Pro vyd\u00e1n\u00ed \u010dlensk\u00e9ho pr\u016fkazu \u010cesk\u00e9ho Lukost\u0159eleck\u00e9ho Svazu (\u010cLS) bude tak\u00e9 po\u017eadov\u00e1na pr\u016fkazov\u00e1 fotografie. P\u0159ihl\u00e1\u0161ku k vypln\u011bn\u00ed je mo\u017en\u00e9 st\u00e1hnout zde. Formul\u00e1\u0159 je mo\u017eno vyplnit elektronicky i ru\u010dn\u011b, jeho vytisknut\u00ed je v\u0161ak &hellip; <\/p>\n<p class=\"link-more\"><a href=\"https:\/\/www.lktachov.cz\/index.php\/prihlaska\/\" class=\"more-link\">Pokra\u010dovat ve \u010dten\u00ed<span class=\"screen-reader-text\"> &#8222;P\u0159ihl\u00e1\u0161ka&#8220;<\/span><\/a><\/p>\n","protected":false},"author":2,"featured_media":0,"parent":0,"menu_order":0,"comment_status":"closed","ping_status":"closed","template":"","meta":{"ngg_post_thumbnail":0,"footnotes":""},"class_list":["post-1619","page","type-page","status-publish","hentry"],"post_mailing_queue_ids":[],"_links":{"self":[{"href":"https:\/\/www.lktachov.cz\/index.php\/wp-json\/wp\/v2\/pages\/1619","targetHints":{"allow":["GET"]}}],"collection":[{"href":"https:\/\/www.lktachov.cz\/index.php\/wp-json\/wp\/v2\/pages"}],"about":[{"href":"https:\/\/www.lktachov.cz\/index.php\/wp-json\/wp\/v2\/types\/page"}],"author":[{"embeddable":true,"href":"https:\/\/www.lktachov.cz\/index.php\/wp-json\/wp\/v2\/users\/2"}],"replies":[{"embeddable":true,"href":"https:\/\/www.lktachov.cz\/index.php\/wp-json\/wp\/v2\/comments?post=1619"}],"version-history":[{"count":5,"href":"https:\/\/www.lktachov.cz\/index.php\/wp-json\/wp\/v2\/pages\/1619\/revisions"}],"predecessor-version":[{"id":3018,"href":"https:\/\/www.lktachov.cz\/index.php\/wp-json\/wp\/v2\/pages\/1619\/revisions\/3018"}],"wp:attachment":[{"href":"https:\/\/www.lktachov.cz\/index.php\/wp-json\/wp\/v2\/media?parent=1619"}],"curies":[{"name":"wp","href":"https:\/\/api.w.org\/{rel}","templated":true}]}}